and 406570?
746
Calculate the highest common divisor of 811987616 and 11.
11
Calculate the greatest common factor of 34847010 and 275.
55
What is the greatest common divisor of 417578 and 34?
2
Calculate the highest common divisor of 42848 and 4148222.
2678
Calculate the greatest common factor of 469 and 40107875.
67
Calculate the highest common factor of 4486548 and 3894.
66
Calculate the greatest common divisor of 6390 and 42687330.
2130
Calculate the highest common factor of 2926 and 175240648.
418
Calculate the greatest common divisor of 19002 and 367834382.
6334
What is the highest common factor of 9856 and 418649?
77
Calculate the highest common factor of 17818 and 12803.
59
What is the highest common factor of 3273780825 and 1575?
1575
What is the greatest common factor of 460 and 31375220?
460
Calculate the highest common divisor of 5349502 and 12038.
926
Calculate the highest common factor of 27530 and 209464758.
5506
Calculate the greatest common divisor of 3617329 and 1.
1
Calculate the greatest common divisor of 53 and 1375362349.
53
What is the highest common divisor of 2997 and 14013?
81
Calculate the greatest common factor of 57085 and 32388165.
1165
What is the highest common factor of 26 and 23376873?
13
What is the greatest common factor of 66 and 32198694?
66
What is the highest common factor of 50645728 and 433292?
2908
Calculate the greatest common factor of 3 and 11316221.
1
Calculate the highest common factor of 21950 and 612075.
25
What is the highest common divisor of 11 and 67010350?
11
Calculate the greatest common factor of 217 and 1016428.
217
Calculate the highest common divisor of 9402 and 24576.
6
Calculate the greatest common divisor of 118284100 and 124780.
7340
What is the greatest common divisor of 4498857 and 495?
99
Calculate the greatest common factor of 2850 and 1970661.
57
Calculate the greatest common divisor of 307797 and 4116.
21
What is the greatest common divisor of 3661 and 792463?
7
What is the greatest common factor of 1589973 and 5775?
231
Calculate the highest common factor of 10515 and 81480.
15
Calculate the greatest common factor of 6 and 8934090.
6
Calculate the greatest common divisor of 114 and 1011679377.
57
Calculate the highest common factor of 7652865 and 18645.
165
Calculate the highest common divisor of 4393 and 336542.
191
What is the greatest common divisor of 1203541 and 1180?
59
What is the greatest common divisor of 1450 and 12882960?
290
Calculate the greatest common divisor of 8897316 and 17922.
174
What is the greatest common divisor of 123647 and 968497?
61
Calculate the greatest common factor of 1728 and 683784.
72
Calculate the highest common divisor of 127 and 1853725909.
127
Calculate the highest common factor of 486 and 2433510.
54
Calculate the highest common divisor of 262277 and 20049.
41
Calculate the greatest common divisor of 812580 and 281445.
435
What is the highest common factor of 13615 and 122185?
35
What is the greatest common factor of 96 and 206061792?
96
What is the greatest common factor of 43 and 485541982?
43
What is the highest common factor of 3204270 and 360?
90
Calculate the greatest common divisor of 1900 and 4295406.
38
What is the highest common factor of 34 and 113834873?
17
Calculate the greatest common divisor of 177605106 and 29.
29
Calculate the highest common divisor of 83054508 and 42.
6
Calculate the greatest common factor of 658272 and 480.
96
What is the greatest common factor of 360 and 247840?
40
Calculate the greatest common divisor of 957 and 20625.
33
What is the highest common divisor of 197704965 and 4575?
915
What is the highest common factor of 257868 and 92382864?
6612
Calculate the greatest common factor of 160 and 540200768.
32
What is the highest common divisor of 1466101 and 93912?
91
What is the greatest common factor of 880677 and 22344?
147
What is the highest common divisor of 386555 and 1050985?
1235
What is the greatest common factor of 8428 and 1467452?
196
Calculate the highest common factor of 52413042 and 24.
6
What is the highest common factor of 219890 and 41965?
55
Calculate the greatest common factor of 1050270 and 10530.
390
What is the highest common factor of 12839715 and 14234?
647
What is the highest common divisor of 26398394 and 3546?
394
Calculate the highest common divisor of 20575 and 1301163.
823
Calculate the greatest common factor of 177 and 423095667.
177
Calculate the highest common divisor of 1374984 and 19656.
936
Calculate the greatest common factor of 4140 and 13606524.
828
Calculate the greatest common divisor of 10665 and 99145.
395
Calculate the greatest common divisor of 1067517082 and 82.
82
What is the greatest common divisor of 847 and 4629625?
77
What is the highest common divisor of 8068 and 195564286?
4034
Calculate the greatest common divisor of 2394 and 938070.
126
Calculate the greatest common factor of 2796 and 667545.
699
What is the highest common factor of 1814235 and 2449?
79
Calculate the highest common divisor of 24 and 11719923.
3
Calculate the greatest common factor of 2310808 and 1984.
8
Calculate the greatest common factor of 256 and 23868032.
128
Calculate the greatest common divisor of 413840 and 56320.
80
Calculate the highest common divisor of 305480 and 243293.
1091
Calculate the highest common factor of 1683256 and 8.
8
What is the highest common factor of 1560310847 and 4778?
2389
What is the highest common factor of 62292 and 345216?
348
Calculate the greatest common factor of 162 and 118782.
18
What is the greatest common divisor of 808 and 23118092?
404
Calculate the highest common divisor of 3088 and 65470232.
1544
What is the highest common factor of 14234370 and 3270?
30
Calculate the highest common factor of 751260 and 9270.
30
What is the highest common factor of 141487 and 89952?
937
What is the greatest common factor of 851 and 78976759?
37
Calculate the greatest common divisor of 1111623 and 22791.
321
Calculate the highest common divisor of 2701 and 487421.
73
Calculate the highest common factor of 75414024 and 6048.
1512
Calculate the highest common divisor of 104652164 and 23796.
2644
Calculate the greatest common divisor of 10 and 6112130.
10
What is the highest common divisor of 35665379 and 2?
1
What is the highest common divisor of 1679262 and 54?
6
What is the highest common factor of 41372500 and 3350?
3350
Calculate the greatest common factor of 30184 and 19485928.
4312
What is the greatest common divisor of 64904 and 490684?
244
What is the greatest common divisor of 41897100 and 120?
60
Calculate the greatest common divisor of 8320150 and 50.
50
Calculate the greatest common factor of 23169457 and 4825.
193
What is the highest common divisor of 9214 and 11809367?
271
What is the highest common factor of 15 and 1427105?
5
What is the highest common factor of 57085 and 377300?
245
What is the greatest common divisor of 16464 and 47068?
28
Calculate the highest common divisor of 461773 and 1586.
13
What is the highest common divisor of 23744 and 240016?
112
Calculate the highest common divisor of 8660 and 19720552.
1732
Calculate the greatest common divisor of 573675 and 11385.
15
Calculate the greatest common divisor of 100733652 and 9936.
2484
What is the highest common factor of 618120 and 480?
120
Calculate the greatest common divisor of 878154950 and 3450.
1150
What is the greatest common divisor of 3929748 and 6684?
12
Calculate the highest common factor of 400 and 52537900.
100
What is the highest common factor of 45 and 5404167?
9
Calculate the greatest common factor of 6224631 and 36933.
2841
What is the greatest common divisor of 39356562 and 73606?
5662
What is the greatest common factor of 28101 and 195721?
493
Calculate the greatest common factor of 2904 and 136788564.
1452
Calculate the greatest common divisor of 4400 and 50992.
16
What is the highest common divisor of 20405 and 543070913?
4081
Calculate the greatest common divisor of 11830000 and 40040.
3640
Calculate the highest common factor of 2 and 5097296.
2
Calculate the greatest common factor of 12 and 31714890.
6
What is the greatest common divisor of 44793407 and 3862?
1931
Calculate the highest common divisor of 13 and 16220618.
1
What is the greatest common